of 32080504?
4
What is the hundreds digit of 28497945?
9
What is the millions digit of 4519535?
4
What is the ten thousands digit of 434781356?
8
What is the tens digit of 189126581?
8
What is the tens digit of 1122325012?
1
What is the thousands digit of 1148403606?
3
What is the hundreds digit of 140984242?
2
What is the hundred thousands digit of 408124653?
1
What is the hundred thousands digit of 34209691?
2
What is the hundreds digit of 312859339?
3
What is the hundred thousands digit of 7512039?
5
What is the hundreds digit of 338665677?
6
What is the hundreds digit of 484552662?
6
What is the ten thousands digit of 78997367?
9
What is the tens digit of 4093141?
4
What is the hundreds digit of 322811480?
4
What is the ten thousands digit of 31893747?
9
What is the billions digit of 1271106232?
1
What is the hundred thousands digit of 291933165?
9
What is the billions digit of 3708245851?
3
What is the units digit of 96123009?
9
What is the hundred thousands digit of 1532236543?
2
What is the hundred thousands digit of 1683000277?
0
What is the tens digit of 81847267?
6
What is the ten millions digit of 25761590?
2
What is the ten millions digit of 65772243?
6
What is the hundreds digit of 46899390?
3
What is the hundreds digit of 139199487?
4
What is the hundred thousands digit of 605268395?
2
What is the hundreds digit of 3145021668?
6
What is the hundred thousands digit of 14946642?
9
What is the thousands digit of 838003703?
3
What is the units digit of 187141158?
8
What is the tens digit of 41522721?
2
What is the hundred thousands digit of 6750913?
7
What is the hundred thousands digit of 1267548197?
5
What is the hundred thousands digit of 2695552991?
5
What is the ten millions digit of 914847428?
1
What is the units digit of 340289283?
3
What is the tens digit of 2410164045?
4
What is the units digit of 50316166?
6
What is the ten thousands digit of 74155002?
5
What is the tens digit of 406907856?
5
What is the ten thousands digit of 2256181770?
8
What is the tens digit of 86575075?
7
What is the billions digit of 2503336508?
2
What is the hundreds digit of 87957617?
6
What is the hundreds digit of 16255921?
9
What is the hundreds digit of 330185520?
5
What is the thousands digit of 416278930?
8
What is the hundred thousands digit of 87090359?
0
What is the tens digit of 1348218859?
5
What is the hundred millions digit of 975646516?
9
What is the hundred thousands digit of 291191891?
1
What is the units digit of 257312418?
8
What is the ten thousands digit of 76790831?
9
What is the millions digit of 30590057?
0
What is the hundred thousands digit of 1990783716?
7
What is the tens digit of 2120735148?
4
What is the ten thousands digit of 3245678181?
7
What is the ten millions digit of 47093074?
4
What is the units digit of 37030431?
1
What is the ten thousands digit of 37246147?
4
What is the ten thousands digit of 204482719?
8
What is the units digit of 232586462?
2
What is the millions digit of 54709902?
4
What is the hundred millions digit of 152149884?
1
What is the millions digit of 33497576?
3
What is the thousands digit of 181911843?
1
What is the hundreds digit of 61462767?
7
What is the hundred thousands digit of 3479252340?
2
What is the hundred thousands digit of 83496358?
4
What is the hundred millions digit of 191276666?
1
What is the hundreds digit of 59773843?
8
What is the ten thousands digit of 99970148?
7
What is the hundreds digit of 238347416?
4
What is the millions digit of 2877785?
2
What is the ten millions digit of 741856360?
4
What is the hundreds digit of 3743288253?
2
What is the thousands digit of 271508658?
8
What is the units digit of 438213?
3
What is the ten thousands digit of 303269819?
6
What is the units digit of 37189822?
2
What is the millions digit of 31378513?
1
What is the hundred thousands digit of 24264224?
2
What is the ten thousands digit of 499036?
9
What is the ten thousands digit of 64087974?
8
What is the millions digit of 1935332401?
5
What is the tens digit of 2641123609?
0
What is the ten thousands digit of 4559284975?
8
What is the millions digit of 4681776173?
1
What is the ten thousands digit of 18352893?
5
What is the hundreds digit of 194302555?
5
What is the ten millions digit of 26135288?
2
What is the thousands digit of 929859144?
9
What is the thousands digit of 827766416?
6
What is the thousands digit of 230203433?
3
What is the thousands digit of 1118870692?
0
What is the millions digit of 1005837384?
5
What is the hundreds digit of 20085418?
4
What is the ten millions digit of 117094527?
1
What is the ten thousands digit of 646414214?
1
What is the ten thousands digit of 107715306?
1
What is the ten thousands digit of 38411985?
1
What is the tens digit of 240616005?
0
What is the hundreds digit of 1538976127?
1
What is the units digit of 107341613?
3
What is the hundreds digit of 853885119?
1
What is the hundred thousands digit of 56153775?
1
What is the thousands digit of 2898831990?
1
What is the ten thousands digit of 57913427?
1
What is the hundred thousands digit of 60289169?
2
What is the hundred thousands digit of 94373339?
3
What is the thousands digit of 66523400?
3
What is the ten thousands digit of 123522573?
2
What is the thousands digit of 67402986?
2
What is the ten thousands digit of 812372329?
7
What is the hundreds digit of 236042159?
1
What is the thousands digit of 1522420140?
0
What is the tens digit of 981257693?
9
What is the hundred thousands digit of 3638936972?
9
What is the thousands digit of 154570810?
0
What is the thousands digit of 111942274?
2
What is the tens digit of 3378462826?
2
What is the ten thousands digit of 952635888?
3
What is the hundred thousands digit of 207762943?
7
What is the hundred millions digit of 921033394?
9
What is the ten millions digit of 51945313?
5
What is the ten millions digit of 781592684?
8
What is the hundred thousands digit of 3178226866?
2
What is the ten thousands digit of 605314646?
1
What is the thousands digit of 5495135276?
5
What is the ten millions digit of 16530566?
1
What is the tens digit of 74535613?
1
What is the millions digit of 105884870?
5
What is the tens digit of 16828771?
7
What is the ten thousands digit of 2369847?
6
What is the units digit of 5080256615?
5
What is the ten thousands digit of 551883135?
8
What is the units digit of 351037114?
4
What is the ten millions digit of 2172213165?
7
What is the millions digit of 236294436?
6
What is the millions digit of 1067416249?
7
What is the hundred millions digit of 135682603?
1
What is the millions digit of 54595404?
4
What is the thousands digit of 283158555?
8
What is the millions digit of 40817802?
0
What is the ten millions digit of 157400101?
5
What is the ten thousands digit of 67829482?
2
What is the millions digit of 58532900?
8
What is the thousands digit of 114224882?
4
What is the ten millions digit of 13007475?
1
What is the hundreds digit of 67993429?
4
What is the units digit of 42967236?
6
What is the ten millions digit of 1407056749?
0
What is the ten thousands digit of 543069694?
6
What is the thousands digit of 343890028?
0
What is the tens digit of 3088239615?
1
What is the tens digit of 288777075?
7
What is the hundreds digit of 868936728?
7
What is the thousands digit of 360196062?
6
What is the hundred thousands digit of 460867962?
8
What is the tens digit of 2532651795?
9
What is the units digit of 1940530773?
3
What is the ten millions digit of 145946952?
4
What is the billions digit of 1116117566?
1
What is the thousands digit of 681846587?
6
What is the millions digit of 313379473?
3
What is the millions digit of 2279717293?
9
What is the hundreds digit of 320246557?
5
What is the thousands digit of 8293554239?
4
What is the millions digit of 2298530460?
8
What is the units digit of 2531646293?
3
What is the units digit of 81321592?
2
What is the ten millions digit of 511480127?
1
What is the thousands digit of 199718120?
8
What is the hundred thousands digit of 1080817139?
8
What is the thousands digit of 507458658?
8
What is the ten thousands digit of 2540719147?
1
What is the ten millions digit of 380385790?
8
What is the hundreds digit of 4871167019?
0
What is the ten millions digit of 578258596?
7
Wh